r when k is divided by 8?
6
Suppose 0 = -2*d + 3*d - 5. Calculate the remainder when d is divided by 4.
1
Let c = 49 - -13. Calculate the remainder when 182 is divided by c.
58
Let i = -20 + 49. Calculate the remainder when i is divided by 8.
5
Suppose 0 = -5*w + 39 + 21. What is the remainder when w is divided by -3*(-1)/1 + 4?
5
Suppose -34 = -3*z + 86. Let r = 44 + -30. What is the remainder when z is divided by r?
12
Let w = 17 + -12. Calculate the remainder when 12 is divided by w.
2
Suppose -5*j + 97 - 26 = -2*y, -5*y - 80 = -5*j. What is the remainder when 51 is divided by j?
12
Suppose 0 = -2*z - 2*z + 52. Let l = z + 39. Calculate the remainder when l is divided by 18.
16
Suppose 3*b + 3 = -3, -2*w = 2*b - 130. What is the remainder when w is divided by 17?
16
Let f = -26 - -72. Calculate the remainder when f is divided by 12.
10
Suppose 2*v = -2*v + 72. Calculate the remainder when v/3 - (-1)/(-1) is divided by (8/(-8))/(1/(-3)).
2
Suppose 7 = 2*p - 3. Calculate the remainder when 9 is divided by p.
4
Let i(r) be the second derivative of 7*r**4/12 + r**3/2 + 2*r**2 - 3*r. Calculate the remainder when i(-3) is divided by 20.
18
Let m(n) = -n + 27. What is the remainder when 40 is divided by m(6)?
19
Let p(r) = -r + 7. Let z be p(0). Let n = z + -6. Let o = -6 - -8. Calculate the remainder when o is divided by n.
0
Let a(r) = r - 4. Let t be a(10). Calculate the remainder when 56 is divided by (5 + 52)*2/t.
18
Let s be 3 + -3 - (-2 - 1). Suppose -4*r - 10 = -s*o + 90, o = -2*r + 40. Let i = -19 + o. What is the remainder when 49 is divided by i?
15
Let v be 1/5 - 36/(-20). What is the remainder when v + 7/(28/104) is divided by 15?
13
Suppose 6 = d - 3*j, -2*j + 8 = d - 3*j. Let q(t) = -3*t - 5. Suppose 3*s = -2*s + 4*y - 47, -s = -y + 10. Calculate the remainder when q(s) is divided by d.
7
Calculate the remainder when 44 is divided by (46/(-10))/((-6)/30).
21
Suppose -5*n = 2*p - 96, 0 = -2*n + 4*p - p + 27. Calculate the remainder when n is divided by 7.
4
Suppose 0 = 2*b - 3*w + 6 + 27, 0 = -5*b - 5*w - 20. Let f = b + 18. What is the remainder when 24 is divided by f?
6
Let j = -6 + 29. Calculate the remainder when j is divided by 1*((-8)/5)/(12/(-90)).
11
Suppose k = -v + 4*k + 29, 4*v - 116 = 3*k. Suppose 3*s + 20 = -16. Let w = -4 - s. Calculate the remainder when v is divided by w.
5
Suppose 32 = 4*u - 0*u. Let d be (10/(-3))/((-2)/(-6)). What is the remainder when u is divided by d/(-6)*(-6)/(-2)?
3
Suppose 0 = 3*c - 0*c - 9. What is the remainder when 15 is divided by c?
0
Let y(z) = 13*z - 1. Suppose -4*s = 8 - 20. Suppose -t = -s*t + 26. Calculate the remainder when y(3) is divided by t.
12
Suppose 3*a - 7*g - 9 = -2*g, 6 = 2*a + 2*g. Suppose 2*p + a*p - 60 = 0. Calculate the remainder when 46 is divided by p.
10
Let r(o) = -64*o - 10. Let p be r(10). Let f = p + 154. Calculate the remainder when f/(-10) + (-20)/(-50) is divided by 17.
16
Let x = -23 + 45. Calculate the remainder when 42 is divided by x.
20
Let g(o) = 56*o + 3. What is the remainder when g(1) is divided by 31?
28
Suppose 0*p = 3*p - 21. Suppose m + 4*o - 1 = 0, m + m + 3*o = p. What is the remainder when 9 is divided by m?
4
Let z = 27 - 12. What is the remainder when 57 is divided by z?
12
Let u(x) = -x**2 - 12*x + 24. Calculate the remainder when u(-11) is divided by 20.
15
Let f = 146 + -77. Suppose 7*z = 2*z - 5*g - 145, -z - 2*g = 29. Let c = f + z. Calculate the remainder when c is divided by 14.
12
Let v = -122 + 189. What is the remainder when v is divided by 10?
7
Let c = -7 + 9. What is the remainder when 11 is divided by c?
1
Let c = -9 - -19. Let h(x) = 7*x**2. Let w be h(-3). Let a = -35 + w. Calculate the remainder when a is divided by c.
8
Calculate the remainder when (-1)/7 + 13107/119 is divided by 39.
32
Suppose -7 - 33 = 5*q. Suppose 4*m - 1 = 51. Let b = m + q. Calculate the remainder when 7 is divided by b.
2
Let m(i) = -i**3 - 2*i + 1. Suppose 3*p = 5*a - 187, 5*p - 5 + 0 = 0. What is the remainder when a is divided by m(-2)?
12
Suppose -2*j - 8 - 2 = 0, 18 = -r - 2*j. What is the remainder when (34/(-4))/(4/r) is divided by 9?
8
Let q be (-1 + 0)*(-21)/3. Suppose 0 = -u + 4 + q. Calculate the remainder when u is divided by 6.
5
Suppose -12*h + 52 = -8*h. Let a(q) = -q**3 - 5*q**2 + 7*q + 4. Let b be a(-6). Calculate the remainder when h is divided by 1/2*b*-7.
6
Suppose 0 = 6*w - 19*w + 143. Calculate the remainder when w is divided by 8.
3
Suppose -2*s + 52 = 4*j, 5*s = -9*j + 5*j + 52. What is the remainder when 50 is divided by j?
11
Suppose -8*l = 29*l - 296. Calculate the remainder when l is divided by ((-8)/(-10))/(1/5).
0
Let o(a) = 31*a**2 - 4*a + 4. Calculate the remainder when 61 is divided by o(1).
30
Suppose 5*a + 52 = 7. Calculate the remainder when (-6)/a + 124/12 is divided by 6.
5
Let u(f) = -f**2 - 9*f + 3. What is the remainder when 89 is divided by u(-4)?
20
Suppose 9 = -d + 2*r, -4*r + 0*r = 3*d - 23. Let l = d + 4. Suppose -36 = -5*m + l*c - 11, -3*c = -15. What is the remainder when 18 is divided by m?
8
Let o = 82 - 49. Calculate the remainder when 22 is divided by 390/o + 4/22.
10
Let t be (-2)/10 - 41/(-5). Let x = t - -12. What is the remainder when 59 is divided by x?
19
Let l = 44 + -40. Calculate the remainder when 14 is divided by l.
2
Suppose 2*s + 2*d = 200, -2*d = 3*s - d - 310. Calculate the remainder when s is divided by 27.
24
What is the remainder when (-2)/(-6) - (-98)/3 is divided by 12?
9
Let x(q) = -q**2 - 22*q - 10. Calculate the remainder when x(-7) is divided by 49.
46
Suppose -2*n - 3*g + 1 = 0, n + 0*n - 4*g = 6. Calculate the remainder when 7 is divided by n.
1
Let j = -9 + 15. Let l(q) = j*q + 7 + 2*q**2 - 2*q**2 - q**2 + 3*q**2. Calculate the remainder when l(-6) is divided by 22.
21
Let y(d) = -d + 10. Let p be y(9). Let k(s) = 12*s. Calculate the remainder when 33 is divided by k(p).
9
Let q = 57 + -48. What is the remainder when 21 is divided by q?
3
Let q = 109 + -59. Let g be (-12)/(-3) + 0 - 1. Calculate the remainder when q is divided by 51/9*1*g.
16
Let c be (3 - 2 - 42) + -4. Let k = 56 + c. Suppose 5*a - 16 - 4 = 0. Calculate the remainder when k is divided by a.
3
Let h = 59 - 35. Suppose 4*q = -0*g - 2*g + h, 4*q = -3*g + 26. Suppose -4*a - 3*v = -11, -3*a - 5 = -4*a - 3*v. What is the remainder when q is divided by a?
1
Suppose 0 = -0*l + 2*l - 12. Let j = 16 - l. Calculate the remainder when j is divided by 3.
1
Suppose -2*w = -3 - 5. Let y = w - 4. Suppose -4*n + a = -31 - y, 2*a = 5*n - 35. Calculate the remainder when n is divided by 5.
4
Suppose 1 = z + 3. Calculate the remainder when 50 is divided by -34*(5/(-2) - z).
16
Let q(g) = -g**3 - g. Let u(h) = h**3 + 7*h**2 + 6*h - 3. Let a be u(-6). What is the remainder when 59 is divided by q(a)?
29
Let j = -2 - -5. Suppose o + 4 = 2*o. Suppose -2*s + 5 + 1 = 4*d, 2*s = o*d + 14. Calculate the remainder when s is divided by j.
2
Calculate the remainder when 89 is divided by (-3)/(-1) + 220/11.
20
Suppose -7*d = -3*d - 92. What is the remainder when d is divided by 12?
11
Let o = 16 - 11. Suppose 2*z + o*q - 9 = -0*z, -4*z - 4*q + 48 = 0. What is the remainder when z is divided by 5?
2
Suppose 25 = -0*k - 5*k. Let i = 13 + k. Calculate the remainder when 14 is divided by i.
6
Suppose 4*s - 5 = 5*c, 2*c + 3*c = -3*s - 5. Let f = 1 - s. Calculate the remainder when f is divided by (-3)/9*-3*1.
0
Suppose -75 = -4*x + 117. Suppose 0*y - 4*y + x = 0. What is the remainder when 35 is divided by y?
11
Let q(j) = -5*j + 12. Calculate the remainder when q(-6) is divided by 15.
12
Let j be 126 + -1*(-2 - -2). Suppose -5*i + o + j = 0, i + 2*o - 30 = o. Calculate the remainder when i is divided by 7.
5
Suppose -s = 3*s + 24. Let j be (-10 - -2)/(1/s). Suppose -24 = -4*l + j. Calculate the remainder when 34 is divided by l.
16
Let g(r) = -4*r - 12. Let x be g(-5). Suppose -x*i = -4*i - 100. What is the remainder when 48 is divided by i?
23
Let j be (-2)/(-5) - 124/10. Let b = j - -21. What is the remainder when 35 is divided by b?
8
Suppose 4*h - 3*d = -6*d + 58, -3*d + 71 = 5*h. Calculate the remainder when 49 is divided by h.
10
Suppose 4*b - 19 - 1 = 0. Suppose 2*l + 4*v = 2*v + 18, -b*v = -4*l + 9. Calculate the remainder wh